 = 10*i - 6*i + m, 0 = m + 4. Calculate the greatest common factor of i and 90.
90
Let c(g) = g**2 - 4*g. Let m(u) = 2*u**2 - 4*u - 1. Let d(p) = 3*c(p) - 2*m(p). Let b be d(-4). Calculate the greatest common divisor of 2 and b.
2
Suppose -5*s - 2*d = -16, 6*s - 3*d - 1 = s. Let y be 3 + (-4 - -190) - s. Calculate the greatest common divisor of 17 and y.
17
Suppose j + 78 = 4*j. Suppose 2*q + 9 + 36 = -3*s, s + 15 = -4*q. Let m = s + j. Calculate the highest common factor of m and 44.
11
Suppose 0 = 5*d - 60 - 90. Let q(o) = -4*o. Let t be q(-6). Suppose t = r + 3*r. What is the greatest common divisor of d and r?
6
Suppose 5*o - 6*o = -45. Let p = 70 - o. Calculate the greatest common divisor of p and 175.
25
Suppose 3*j - 27 = 4*j. Let k be (-6)/(j/6 - -3). Let s be -5*k/(3 + -7). Calculate the highest common divisor of s and 40.
5
Suppose 0 = 4*a + 5*h - 30, -4*a + 14 - 4 = -5*h. Let s = 17 - 2. What is the greatest common divisor of a and s?
5
Let y = -10 - -43. Suppose l - 36 = -3*m - 3, -y = -2*m + 3*l. Let v be (15/(-30))/((-2)/m). What is the highest common factor of v and 12?
3
Let a(s) = -s**3 + 4*s**2 + 6*s - 3. Let h be a(5). Let r be (1 + -2)/(h/(-26)). What is the greatest common factor of 117 and r?
13
Suppose 374 - 89 = 5*n. What is the greatest common factor of 57 and n?
57
Suppose 23 = -2*r - 3*p + 8, 0 = 2*p + 10. Suppose r = 2*y - 0*y - 44. Calculate the greatest common factor of 11 and y.
11
Suppose -3*n + 3*x = -318, 4*x = 3*n - 0*n - 314. Calculate the highest common factor of 286 and n.
22
Suppose -3*x + 998 - 188 = 0. Let r be x/(-40) - 6/(-8). Let k be (-37)/r - (-4)/(-24). What is the greatest common divisor of 18 and k?
6
Let o(v) = 27*v - 176. Let x be o(10). Calculate the highest common divisor of x and 47.
47
Suppose -24 = y - 2. Let c be (747/(-36))/((-2)/16). Let g = y + c. Calculate the highest common divisor of 16 and g.
16
Let s be (28/42)/(2 - (-1436)/(-717)). Let r = s + 389. Let i = -26 - -56. What is the greatest common factor of i and r?
30
Let d be 3080/260 - 4/(-26). What is the highest common factor of 96 and d?
12
Let r(l) = 7*l**2 + 6 - 10*l - 17*l**2 + 12*l**2. Let j be r(6). Let s(h) = 10*h - 5. Let k be s(5). What is the highest common factor of j and k?
9
Let v be 2 - (-1)/(-1) - -4. Suppose -623 = v*l - 0*l + 4*w, 3*l + 377 = -4*w. Let k = l + 235. What is the greatest common factor of 16 and k?
16
Suppose -2*u + 7*u = 1800. Calculate the greatest common divisor of 90 and u.
90
Let c be ((-10)/2)/((-30)/(-12))*-3. Let b = 54 - 24. What is the greatest common divisor of b and c?
6
Suppose 324 = -38*x + 42*x. Let s be (-64)/(-12)*5/(20/x). What is the greatest common factor of s and 27?
27
Let l be 867/15 + 4/(-5). Let r be l/4 - (-3)/(-12). What is the highest common divisor of 154 and r?
14
Let h = 61 + -71. Let n be (1 + 19)*(-75)/h. What is the highest common divisor of n and 60?
30
Suppose -5*h + 1239 = 2*n, 0*h - h - 3*n = -253. Let c = -175 + h. Calculate the greatest common divisor of c and 9.
9
Let c(r) = 4*r**2 + 4*r + 3. Let a be 12/(-8)*16/12. Let o be c(a). Suppose 0 = 3*p - 22 - o. What is the highest common divisor of 55 and p?
11
Suppose -t + 0 = -3. Suppose o - 3*o = x - 241, -602 = -5*o - t*x. Suppose 5*v = p + 9, 3*p - 40 = -5*v + 13. Calculate the highest common factor of p and o.
11
Suppose -4*u = 3 - 43. Let t = 41 - 128. Let r = 137 + t. What is the greatest common factor of u and r?
10
Let o be (7050/9)/((-6)/(-9)). What is the highest common factor of 47 and o?
47
Suppose 0 = u - 3*p - 29, 0 = 3*u - 2*u + 5*p - 13. Let q be (-2)/(-5) - (-4580)/50. Calculate the greatest common divisor of u and q.
23
Let i be (-157)/(-5) - 26/65 - 3. Calculate the greatest common divisor of i and 182.
14
Suppose -840 = 24*i - 2280. Calculate the highest common factor of i and 100.
20
Let s be (1 + 3/(-2))/((-40)/(-400)). Let i(h) = h + 16. Let n be i(s). What is the highest common divisor of n and 22?
11
Let g(t) = -t**2 + 10*t - 15. Let i(h) = -3*h + 5. Let y be i(-1). Let p be g(y). Calculate the highest common factor of 7 and p.
1
Suppose -4*u = 2*d - 0*d - 30, -5*d + 3*u + 62 = 0. Let a = -3040 + 3105. Calculate the highest common divisor of d and a.
13
Suppose 5*c = -119 + 479. Let s be -30*((-224)/40 - -5). Calculate the highest common factor of s and c.
18
Suppose -54*n = -53*n - 1. Let v = 7 - 0. Calculate the highest common factor of v and n.
1
Suppose 41 + 43 = 2*d - 5*u, -5*u = -4*d + 158. Let g = 975 + -605. Calculate the highest common divisor of d and g.
37
Let i be 0 + 10 + 1 + 1. Let t be (-3184)/(-72) - (22/18 + -1). Suppose 3*o - t = 2*k, -97 = -4*o - 4*k - k. What is the highest common divisor of i and o?
6
Let j(s) = -3*s - 89. Let t be j(-31). Suppose 0*z = 4*g - z - 108, -3*z - 72 = -3*g. What is the greatest common divisor of t and g?
4
Let o(z) = z**3 + 10*z**2 + 10*z + 7. Let a be o(-6). Let j = -40 + 43. Suppose -21 - 18 = -j*g. Calculate the greatest common factor of g and a.
13
Suppose 0 = a + 5*j - 54, j = -3*a + 115 - 9. Let t(k) = -2*k**2 + 55*k - 72. Let n be t(22). Calculate the greatest common divisor of a and n.
34
Let i(k) = -k**2 - 21*k. Let x be i(-11). Suppose 51 = 2*g + g. Suppose -3*b + 47 - g = 0. Calculate the greatest common divisor of x and b.
10
Suppose 12*h + 481 - 1153 = 0. Calculate the greatest common factor of 7 and h.
7
Let a be 266 - (-3)/(9/(-6)). Suppose -2*t - t = -a. Suppose 9 = -2*f + 3*f + p, -50 = -4*f + 3*p. What is the greatest common factor of t and f?
11
Suppose 25*a + 115 - 465 = 0. Calculate the highest common divisor of a and 1456.
14
Suppose k + 114 = 163. Suppose -o - g = -k, -135 = -4*o + o + 3*g. What is the highest common divisor of o and 235?
47
Let t(y) = y**2 - 2. Let m be t(-2). Suppose 0 = m*g - 7 - 9. Let c = 7 + g. What is the greatest common factor of c and 135?
15
Suppose -h - 2*v + 100 = 0, -5*v = -5*h + 339 + 131. What is the highest common factor of h and 18?
6
Let f = 343 + -180. Suppose -3*l - u + 167 = l, 5*u - f = -4*l. Let g(m) = -2*m + 28. Let w be g(0). What is the greatest common divisor of l and w?
14
Suppose -1 = 4*j - 13. Suppose 0 = -3*h + 45 + j. Suppose 3*y + 4*u - 128 = 0, -50 = y - 2*y - 5*u. What is the greatest common divisor of y and h?
8
Suppose 4*o + o = 0. Suppose -l - 5*v = -3 - 0, 4*l - 3*v + 57 = o. Let p be (28/3)/(l/(-18)). What is the highest common factor of p and 7?
7
Suppose 0*t = -3*t + 57. Let g be (-6)/8 + t/4. Suppose w - 25 = -g*w. Calculate the highest common factor of 15 and w.
5
Let p = -289 + 190. Let m = p - -105. What is the highest common factor of 66 and m?
6
Suppose -3*v - 6 = 2*k - 123, 4*v - 177 = -3*k. Suppose -2*t = 5*t - k. What is the highest common divisor of t and 81?
9
Suppose -g = -4*g. Suppose 4*x - 28 = 4*f, g = 4*x - f + 4 - 29. Suppose 120 = 2*i + 3*i - n, -5*i = 3*n - 120. What is the greatest common divisor of i and x?
6
Let h(w) = 34*w - 344. Let p be h(11). Let k be (-34)/(-3) + 4/6. Calculate the greatest common divisor of p and k.
6
Let v = -486 + 1222. What is the highest common factor of v and 32?
32
Suppose 50 = 5*o + 3*w, 2*o + 2*w - 9 = 3*w. Let y = o + 8. Calculate the highest common divisor of y and 6.
3
Let f = -5 - -77. Let h(d) be the third derivative of -d**4/24 + 9*d**3/2 - 13*d**2. Let k be h(9). What is the highest common divisor of f and k?
18
Let a(o) = -o**3 + 3*o**2 + 4*o + 4. Let k be a(6). Let v be (15/6)/(-5) + (-454)/(-4). Let t = k + v. What is the greatest common factor of t and 11?
11
Suppose -1751 = -2*n + 3*l, 84*n - 89*n = -3*l - 4373. What is the highest common divisor of n and 76?
38
Suppose -3*z = -5*w + 74, -z = -2*w - 3*z + 36. Let g be 2/(-2 + (-95)/(-45)). Let i = 94 + g. Calculate the highest common factor of w and i.
16
Let w(q) = -q**2 + 4*q**2 + 0*q**2 + 3 - 9. Let a be w(-3). Let i = -4 - -11. What is the greatest common divisor of i and a?
7
Suppose -7*t + 5*t + 5*z = -720, -4*z = 2*t - 756. Calculate the highest common factor of t and 10.
10
Suppose -12*o = -9*o - 450. Calculate the greatest common divisor of o and 90.
30
Suppose 0 = -3*r - 2*r - 5*k + 1575, 5*r + 3*k - 1569 = 0. What is the highest common divisor of 24 and r?
24
Suppose -x = -5*m - 20, 5*x - 7 - 6 = -4*m. Suppose 5*n + 191 = 201